6*i = -5*i + 70. Give f(i).
-15
Suppose 30*c + 139 + 128 = 57. Let q(w) = -8*w - 59. Determine q(c).
-3
Let m(y) be the first derivative of y**3/3 + 8*y**2 + 16*y + 21. Let v be m(-15). Let b be (v + 0)*2/2*-1. Let x(u) = 7*u. Determine x(b).
-7
Suppose 0 = 3*u + 23*u + 130. Let x(q) = q**3 + 5*q**2 - 2*q - 2. Calculate x(u).
8
Suppose -2*h + 2 + 0 = 0. Let x(u) = -268*u - 29. Let t(s) = -117*s - 13. Let a(l) = -9*t(l) + 4*x(l). Calculate a(h).
-18
Let v(z) = 11*z**3 - 1. Let k = 19 - 19. Suppose -4*r - 2*c + 106 = k, 2*c = -3*r + 7*r - 118. Suppose -5*o - 23 = -r. What is v(o)?
10
Let o = 109 - 44. Let l = -51 + o. Let j be (l + 6)*(-1)/(-4). Let b(g) = g**3 - 5*g**2 - 2*g + 2. Give b(j).
-8
Let j(x) = -7*x**2 - 5*x + 3. Let l(n) = -24*n**2 - 16*n + 10. Let p(m) = 7*j(m) - 2*l(m). Calculate p(0).
1
Let a(g) = 4*g + 62. Suppose 0 = 50*q + 1285 - 885. Determine a(q).
30
Let j(p) = 132. Let k(g) = -27*g - 169. Let x(b) = -j(b) - k(b). Determine x(-2).
-17
Let r(x) = 5*x + 15*x + x**2 - 462 + 363. What is r(-25)?
26
Suppose -78 = 169*r - 167*r. Let i be (1/(3/r))/1. Let j(v) = v**3 + 13*v**2 + 2*v + 18. Give j(i).
-8
Let i(u) = -9*u**2 + 15 + 7637*u + 8*u**2 - 7625*u. Calculate i(12).
15
Let w(f) = 33*f - 39. Let k(q) = 53*q - 59. Let d(u) = -5*k(u) + 8*w(u). What is d(-5)?
-12
Let x be (-21)/(-14)*43/(-3)*-2. Let u = -46 + x. Let s(l) = 2*l**2 - l**2 - 3*l + 4*l. What is s(u)?
6
Let m(i) = 722 - 3*i - 186 - 4*i - 182 - 167 - 186. Suppose 6*b - 2*b + 28 = 0. Give m(b).
50
Let n(m) = 8*m + 3. Let w be 3*7/(-21) + 9. Suppose 0 = -w*a - 5*a - 26. Calculate n(a).
-13
Let m(h) be the third derivative of -h**6/120 - h**5/15 + h**4/8 - 2*h**3/3 - 3*h**2 + 76*h. Give m(-6).
50
Suppose 0 = -4*o + 4*r + 4, 0 = 3*o - r - 8 + 1. Let f(l) = 55 - 33 + l**o - 21. What is f(1)?
2
Let p(w) = 4 - 9 + 2*w - 383*w**2 + 384*w**2 - 1 - 18. Give p(-6).
0
Let y(p) be the first derivative of 2*p**2 + 2*p - 1906. Give y(2).
10
Let o = 269 + -269. Suppose o = 8*p - 25 + 97. Let b(u) = u**2 + 8*u + 2. Calculate b(p).
11
Suppose 20 = 10*o - 5*o, -2*x + 4*o - 216 = 0. Let m be x/15*(-4 - 14/(-5)). Let n(q) = q**2 - q - 2. Give n(m).
54
Let o(i) = 16*i + 141. Let x(a) = -5*a - 141. Let g(m) = -2*o(m) - 3*x(m). Give g(8).
5
Let d(a) = -a**3 + 10*a**2 + 2*a - 18. Let i(u) = 2*u**2 - 46*u - 38. Suppose 2*r - 6*r + 3*t = -111, -r + 4*t = -44. Let p be i(r). Give d(p).
2
Let t(s) = 16*s - 115. Suppose 31*z - 2 = 117 + 98. What is t(z)?
-3
Let x(t) = -57 + t + 32 - 3*t + 59. Calculate x(26).
-18
Let p(r) = -18*r + 29. Let j(v) = -23*v + 42. Let g(a) = -5*j(a) + 7*p(a). Calculate g(2).
-29
Let f(j) = -2*j**3 - 7*j**2 + 15. Let n be f(-6). Let m = -193 + n. Let c(u) = 2*u - 3. Determine c(m).
1
Let u(z) = 11*z - 8. Let i = 135 + -133. Let g = 5 - i. Let x(m) = 4*m - 3. Let d(w) = g*u(w) - 8*x(w). Give d(-5).
-5
Let f(l) = -51*l**3 - 45*l**2 - 2 + 3 + 79*l**2 - 35*l**2. Calculate f(1).
-51
Let o(y) = 4*y**3 - y**2 + y. Let g = 1181 + -606. Suppose 577*j = g*j + 2. Give o(j).
4
Let d(s) = -2*s**3 + 18*s**2 - s + 9. Let o be d(9). Suppose -2*y + 26 = 5*t, -y - 3*t = -2*y - 9. Let l(h) = 0*h**2 - 2*h**y + h**3 + 7 - h**2. What is l(o)?
7
Let z(j) = -2*j**2 + 8*j - 71. Let l(m) = -m**2 + 7*m - 63. Let q(t) = -9*l(t) + 8*z(t). Let g = 2 - -10. Let x be (8/g)/(2/6). Calculate q(x).
-27
Let f be 5/2*102/45*6. Suppose 16 = -2*s + 2*j, -5*s + 4*j = j + f. Let d(c) = 4*c + 2. Give d(s).
-18
Suppose 598*n + 605*n = 1220*n + 102. Let p(d) = d**3 + 8*d**2 + 6*d. Give p(n).
36
Let x(c) = -94*c + 154*c - 64*c - 11 - 5. Calculate x(-6).
8
Let u be (-3)/9*(9 + -3) - 115. Let w be (u/26)/((-2)/16). Suppose 0 = 44*k - 50*k + w. Let s(f) = f**3 - 7*f**2 + 7*f - 3. What is s(k)?
3
Let r(k) be the first derivative of k**4/4 + 16*k**3/3 + k**2/2 + 17*k - 1. Let q(c) = -118*c - 28454. Let f be q(-241). Calculate r(f).
1
Let m(b) = -b**3 + 27*b**2 - 14*b + 368. Let p be m(27). Let f(y) = y**3 + 9*y**2 - y - 5. Calculate f(p).
-95
Let y be ((-901)/204 + 5)*12. Let u(m) = -m**2 + 14*m + 6. Determine u(y).
55
Let o(u) be the first derivative of u**3/3 + u - 147. Let v(x) = 5*x**2 + 5*x + 6. Let f(q) = -3*o(q) + v(q). Let i be (0 - 1)/((-1)/(-3)). Determine f(i).
6
Let c(o) = -4*o**3 + 2*o**2 - 2*o - 29. Suppose -3*u + 4*n + 24 = 0, 0 = -4*u + 14*n - 15*n - 6. Give c(u).
-29
Let u(i) = -i - 2. Let d(m) = -2*m - 3. Let s(h) = -2*d(h) + 5*u(h). Let j = 167 - 150. Suppose -5*q + 84 = -j*q. Calculate s(q).
3
Let y(k) = 8*k**2 + 3*k + 18. Let i be 0 + (-2 - -6 - 12). Let x be y(i). Let d be (-2)/5 + x/115. Let w(j) = j**2 - j - 1. Determine w(d).
11
Let k(t) be the first derivative of 0*t - 1/2*t**2 + 95. Give k(2).
-2
Let o(v) = -2*v + 13. Let w = 34 + -28. Let u(x) = -4*x + 26. Let c be u(w). Suppose a - 30 = -c*a. Calculate o(a).
-7
Let j(o) be the second derivative of -o**4/12 - 2*o**3/3 + 87*o**2/2 + 3054*o. Determine j(7).
10
Let q(s) be the third derivative of s**6/120 + s**5/15 - s**4/12 - 10*s**3/3 - 3637*s**2. Give q(-5).
-35
Let m(b) = b**3 - 4*b**2 - 14*b + 9. Let q be m(6). Let r(v) = -v**2 - 3*v - 1. Let t be r(q). Let a(p) = -4 + 4 + 8*p. Give a(t).
-8
Let s(b) = -24*b + 3. Let k(o) = -58*o + 4. Let r(x) = -2*k(x) + 5*s(x). Let m be (0 + -6)/((-12)/8). Give r(m).
-9
Let h(r) be the third derivative of -r**4/8 + 8*r**3/3 - 49*r**2. Suppose 25*j + 35 = 30*j. Determine h(j).
-5
Let v(h) = 11*h**2 - h - 2. Let r be v(-1). Suppose r = 6*f - f. Let m(g) = g - f*g + g - g. Determine m(3).
-3
Let q(i) = i**3 - 9*i**2 + 5. Let y(z) = -6*z**3 + 56*z**2 - z - 30. Let a(h) = -13*q(h) - 2*y(h). What is a(5)?
5
Let l(q) be the third derivative of -3*q**4/4 - 163*q**3/3 - q**2 + q + 283. What is l(-19)?
16
Let b(i) = i**2 + 7*i + 18. Let c(p) = -107*p + 852. Let h be c(8). What is b(h)?
6
Let x(w) = 26 - 4*w + 22*w + 169*w**2 - 166*w**2 - 2 - 8*w. Give x(-3).
21
Let o(i) = -4*i**2 - 19*i + 4. Let c be (-1 + 2)*(22 - 20). Let v(b) = -6 + 2 + b**2 + 6*b + 3. Let z(k) = c*o(k) + 7*v(k). What is z(3)?
4
Let l(d) = 2 + d**2 - 4*d + 2*d**3 - 4*d**3 + d**2. Suppose 3*h + c - 202 + 78 = 0, -h = -4*c - 50. Let v be (-1)/((-3)/h - (-6)/(-14)). What is l(v)?
-14
Let h(v) = -69*v - 120. Let o be h(8). Let l = 667 + o. Let n(q) = -q**3 - 5*q**2 + 2*q - 2. Give n(l).
-12
Let c(w) = -14*w + 5. Let k(z) = 3*z - 1. Let b(a) = -2*c(a) - 11*k(a). Suppose -5*q - 53 = -3*o - 67, -7*o = 4*q - 30. Determine b(q).
-19
Let p(m) = m**3 - 5*m**2 + m - 16. Let r(q) = 7*q**2 - 2*q - 4. Let d be r(-1). Calculate p(d).
-11
Let f(a) = 31*a**3 - 9*a**2 + 12*a + 12. Let q(n) = 23*n**3 - 9*n**2 + 12*n + 13. Let r(d) = 3*f(d) - 4*q(d). Determine r(-10).
4
Let f(d) = 7*d**3 - 20*d**2 - 5*d + 11. Let a(w) = -3*w**3 + 10*w**2 + 3*w - 5. Let r(g) = 9*a(g) + 4*f(g). Let k = -1863 - -1854. Determine r(k).
17
Let b(y) = -26*y**3 + 8*y**2 - 4*y + 2. Let j(h) = -35*h**3 + 9*h**2 - 4*h + 3. Let v(n) = 4*b(n) - 3*j(n). Determine v(-5).
19
Let x(p) = p**3 + 3*p**2 - 4*p + 1. Let q = -68 + 87. Let a be (5 - q)*(-2)/7. Suppose a*b + 4 = -8. Give x(b).
13
Suppose 24 = 2*w - 2. Let z(k) = w*k - 6 - 26*k + 3*k - k**2. Calculate z(-10).
-6
Let o = 12 - 11. Let x be (1 - 2)*o*-4. Suppose -8 = -6*t + x*t. Let a(h) = h**3 - 5*h**2 + 7*h - 4. Determine a(t).
8
Let t(w) = 7*w - 88. Let l be (-10 + 17/3)*(-2 + -1). Let k be t(l). Let s(j) = -j**2 + 4*j - 3. Calculate s(k).
0
Let i(k) = 2 - 1 - 2 + 2*k + 6*k**2. Suppose -161*s = -702*s + 541. Determine i(s).
7
Let t = 3 - 1. Suppose -t*q - 6 - 2 = 0. Let h(o) be the third derivative of -o**6/120 - o**5/12 - o**4/4 - o**3/3 + 2971*o**2. Give h(q).
6
Let k(q) = 2*q**2 - q + 1. Let s(h) = -h**3 - 2*h**2 - h + 3. Let f = -41 + 40. Let u(d) = f*s(d) + 3*k(d). Calculate u(-8).
16
Suppose 0 = 5*h - 3*h - 10. Let a(q) = 1 - h*q - 2 + 4*q. Suppose -784*z = -758*z - 260. What is a(z)?
-11
Let r(h) be the first derivative of -19*h**3/3 + h**2/2 + h - 28. Let b(w) = w**2. Let z(i) = -6*b(i) - r(i). Calculate z(-1).
13
Let s(p) = -2*p - 93 - p - 4*p**2 + 14*p**2 + 99 - 11*p**2. Suppose 3 = -4*u + 19. Determine s(u).
-22
Let b(y) = y**2 - 6*y + 3. Suppose -k - 3*h = 3*k - 56, 5*h = -2*k + 14. Suppose k = 4*l - j, 3*l = 3*j - 0 + 15. Give b(l).
-5
Let q(h) = 4*h - 8. Suppose -107*y + 226 + 737 = 0. Determine q(y).
28
Suppose 0 = -14*o + 1